{"id":8,"date":"2018-10-03T12:33:10","date_gmt":"2018-10-03T10:33:10","guid":{"rendered":"http:\/\/www.inpfp.dz\/revue\/?page_id=8"},"modified":"2018-10-07T14:50:41","modified_gmt":"2018-10-07T12:50:41","slug":"accueil","status":"publish","type":"page","link":"https:\/\/www.inpfp.dz\/revue\/","title":{"rendered":"Accueil"},"content":{"rendered":"<p>La Revue \u00e9lectronique de l&rsquo;INPFP se veut \u00eatre un m\u00e9dium de communication au sens large du terme rev\u00eatant tous les crit\u00e8res et param\u00e8tres normatifs et scientifiques. Elle aspire ,dans la logique m\u00e9thodologique et scientifique, \u00e0 diffuser les connaissances cr\u00e9dibles allant dans le sens de l&rsquo;am\u00e9lioration et la progression essentiellement des sciences param\u00e9dicales maillon indispensable du syst\u00e8me de sant\u00e9.<\/p>\n","protected":false},"excerpt":{"rendered":"<p>La Revue \u00e9lectronique de l&rsquo;INPFP se veut \u00eatre un m\u00e9dium de communication au sens large du terme rev\u00eatant tous les crit\u00e8res et param\u00e8tres normatifs et scientifiques. Elle aspire ,dans la logique m\u00e9thodologique et scientifique, \u00e0 diffuser les connaissances cr\u00e9dibles allant dans le sens de l&rsquo;am\u00e9lioration et la progression essentiellement des sciences param\u00e9dicales maillon indispensable du &hellip; <\/p>\n<p class=\"link-more\"><a href=\"https:\/\/www.inpfp.dz\/revue\/\" class=\"more-link\">Continuer la lecture<span class=\"screen-reader-text\"> de &laquo;&nbsp;Accueil&nbsp;&raquo;<\/span><\/a><\/p>\n","protected":false},"author":1,"featured_media":0,"parent":0,"menu_order":0,"comment_status":"closed","ping_status":"closed","template":"","meta":[],"_links":{"self":[{"href":"https:\/\/www.inpfp.dz\/revue\/wp-json\/wp\/v2\/pages\/8"}],"collection":[{"href":"https:\/\/www.inpfp.dz\/revue\/wp-json\/wp\/v2\/pages"}],"about":[{"href":"https:\/\/www.inpfp.dz\/revue\/wp-json\/wp\/v2\/types\/page"}],"author":[{"embeddable":true,"href":"https:\/\/www.inpfp.dz\/revue\/wp-json\/wp\/v2\/users\/1"}],"replies":[{"embeddable":true,"href":"https:\/\/www.inpfp.dz\/revue\/wp-json\/wp\/v2\/comments?post=8"}],"version-history":[{"count":5,"href":"https:\/\/www.inpfp.dz\/revue\/wp-json\/wp\/v2\/pages\/8\/revisions"}],"predecessor-version":[{"id":126,"href":"https:\/\/www.inpfp.dz\/revue\/wp-json\/wp\/v2\/pages\/8\/revisions\/126"}],"wp:attachment":[{"href":"https:\/\/www.inpfp.dz\/revue\/wp-json\/wp\/v2\/media?parent=8"}],"curies":[{"name":"wp","href":"https:\/\/api.w.org\/{rel}","templated":true}]}}